{"id":321,"date":"2025-03-01T21:08:24","date_gmt":"2025-03-01T20:08:24","guid":{"rendered":"https:\/\/verriere-aux-idees.net\/mentions-legalas\/"},"modified":"2025-05-30T17:51:11","modified_gmt":"2025-05-30T15:51:11","slug":"mentions-legalas","status":"publish","type":"page","link":"https:\/\/verriere-aux-idees.net\/eo\/mentions-legalas\/","title":{"rendered":"Mentions legalas"},"content":{"rendered":"<h3 data-start=\"299\" data-end=\"319\">Mentions legalas<\/h3>\n<p data-start=\"321\" data-end=\"576\">Conformament a l&#8217;article 6 de la lei n\u00b0 2004-575 del 21 de junh de 2004 per la fisan\u00e7a dins l&#8217;economia numerica, los utilizaires del site <span style=\"font-weight: 400;\">verriere-aux-id\u00e9es.net<\/span> son informats de l\u2019identitat dels diferents intervenents dins l&#8217;encastre de sa realizacion e de son seguiment.<\/p>\n<h4 data-start=\"1490\" data-end=\"1522\"><\/h4>\n<h4 data-start=\"1490\" data-end=\"1522\">Proprietat intellectuala<\/h4>\n<p data-start=\"1524\" data-end=\"1848\">Totes los contenguts presents sul site <span style=\"font-weight: 400;\">verriere-aux-id\u00e9es.net<\/span>, compr\u00e9s, mas pas limitat a, los t\u00e8xtes, imatges, log\u00f2s, vid\u00e8os, grafismes, etc., son protegits per las leis francesas sus la proprietat intellectuala. Aquests contenguts son la proprietat exclusiva de <span style=\"font-weight: 400;\">verriere-aux-id\u00e9es.net<\/span> o dels lors autors respectius.<\/p>\n<p data-start=\"1850\" data-end=\"2081\">Quala que si\u00e1 reproduccion, representacion, modificacion, publicacion, transmission, adaptacion, totala o parciala, d&#8217;aqueles contenguts sens autorizacion prealabla es interdicha e constituiri\u00e1 una contrafaccion reprimida penalament.<\/p>\n<h4 data-start=\"2083\" data-end=\"2111\">Donadas personalas<\/h4>\n<p data-start=\"2113\" data-end=\"2406\">Conformament a la lei Informatica e Libertats del 6 de geni\u00e8r de 1978 e al Reglament General sus la Proteccion de las Donadas (RGPD) de l&#8217;Union Europ\u00e8a, los utilizaires del site dispausan d\u2019un drech d\u2019acc\u00e8s, de rectificacion, d\u2019oposicion e de supression de las donadas personalas que los concernisson.<\/p>\n<p data-start=\"2408\" data-end=\"2613\">Las donadas personalas recampadas sus aqueste site son utilizadas exclusivament dins l&#8217;encastre de la gestion dels abonaments a la newsletter, de las demandas de contacte, e tanben de las estatisticas de navegacion.<\/p>\n<p data-start=\"2615\" data-end=\"2723\">Per exercir aqueles dreches, vos mercejam de contactar l\u2019editor del site a l\u2019adre\u00e7a seguenta : contact@yokkom.com.<\/p>\n<h4><\/h4>\n<h4 class=\"projet_texte\"><b>Credits<\/b><\/h4>\n<p>Abrigament : OVH &#8211; 2 carri\u00e8ra Kellermann &#8211; 59100 Roba\u00eds &#8211; Fran\u00e7a.<\/p>\n<p>Director de publicacion : Georges<\/p>\n<p>&nbsp;<\/p>\n<h4 data-start=\"2725\" data-end=\"2740\">Cookies<\/h4>\n<p data-start=\"2742\" data-end=\"2988\">Lo site <span style=\"font-weight: 400;\">verriere-aux-id\u00e9es.net<\/span> utiliza de cookies per melhorar l\u2019experi\u00e9ncia utilizaire. Los cookies son de fichi\u00e8rs enregistrats sus v\u00f2stre periferic que permeton de vos identificar pendent v\u00f2stra navegacion e de personalizar l&#8217;afichatge dels contenguts.<\/p>\n<p data-start=\"2990\" data-end=\"3207\">Pod\u00e8tz desactivar los cookies en tot moment en modificant los param\u00e8tres de v\u00f2stre navigador. Pasmens, c\u00e8rtas foncionalitats del site poiri\u00e1n foncionar pas corr\u00e8ctament se los cookies son desactivats.<\/p>\n<h4 data-start=\"3209\" data-end=\"3234\"><\/h4>\n<h4 data-start=\"3209\" data-end=\"3234\">Ligams ipertextes<\/h4>\n<p data-start=\"3236\" data-end=\"3417\">Lo site <span style=\"font-weight: 400;\">verriere-aux-id\u00e9es.net <\/span> p\u00f2t contenir de ligams cap a d&#8217;autres sites web. Declinam tota responsabilitat concernent lo contengut d\u2019aqueles sites, que son independents del n\u00f2stre site.<\/p>\n<h4 data-start=\"3419\" data-end=\"3441\"><\/h4>\n<h4 data-start=\"3419\" data-end=\"3441\">Responsabilitat<\/h4>\n<p data-start=\"3443\" data-end=\"3705\">L\u2019editor del site <span style=\"font-weight: 400;\">verriere-aux-id\u00e9es.net <\/span>s\u2019efi\u00e8cha d\u2019assegurar la fiabilitat de las informacions presentas sus lo site, mas p\u00f2t pas \u00e8sser tengut per responsable dels errors, omissions o damatges dir\u00e8ctes o indir\u00e8ctes que poiri\u00e1n resultar de l&#8217;utilizacion d\u2019aquelas informacions.<\/p>\n<p data-start=\"3707\" data-end=\"3872\">L\u2019editor garant\u00eds pas que lo site si\u00e1 exempt d\u2019errors, de virus o d\u2019autres elements nocius que poiri\u00e1n afectar los equipaments informatics dels utilizaires.<\/p>\n<h4 data-start=\"3874\" data-end=\"3915\"><\/h4>\n<h4 data-start=\"3874\" data-end=\"3915\">Modificacion de las mentions legalas<\/h4>\n<p data-start=\"3917\" data-end=\"4136\">L\u2019editor se reserva lo drech de modificar las presentas mentions legalas a tot moment. Es conselhat als utilizaires de consultar aquesta pagina regularament per se tenir informats de las eventualas modificacions.<\/p>\n<h4 data-start=\"4138\" data-end=\"4161\"><\/h4>\n<h4 data-start=\"4138\" data-end=\"4161\">Lei aplicabla<\/h4>\n<p data-start=\"4163\" data-end=\"4326\">Las presentas mentions legalas son somesas al drech franc\u00e9s. Tota litigi que concern\u00eds l\u2019utilizacion del site ser\u00e0 de la compet\u00e9ncia exclusiva dels tribunals franceses.<\/p>\n<p>&nbsp;<\/p>\n","protected":false},"excerpt":{"rendered":"<p>Mentions legalas Conformament a l&#8217;article 6 de la lei n\u00b0 2004-575 del 21 de junh de 2004 per la fisan\u00e7a dins l&#8217;economia numerica, los utilizaires del site verriere-aux-id\u00e9es.net son informats de l\u2019identitat dels diferents intervenents dins l&#8217;encastre de sa realizacion e de son seguiment. Proprietat intellectuala Totes los contenguts presents sul site verriere-aux-id\u00e9es.net, compr\u00e9s, mas [&hellip;]<\/p>\n","protected":false},"author":1,"featured_media":0,"parent":0,"menu_order":0,"comment_status":"closed","ping_status":"closed","template":"1col-template.php","meta":{"_acf_changed":false,"footnotes":""},"class_list":["post-321","page","type-page","status-publish","hentry"],"acf":[],"yoast_head":"<!-- This site is optimized with the Yoast SEO plugin v27.4 - https:\/\/yoast.com\/product\/yoast-seo-wordpress\/ -->\n<title>Mentions legalas - La verri\u00e8re aux id\u00e9es<\/title>\n<meta name=\"robots\" content=\"index, follow, max-snippet:-1, max-image-preview:large, max-video-preview:-1\" \/>\n<link rel=\"canonical\" href=\"https:\/\/verriere-aux-idees.net\/eo\/mentions-legalas\/\" \/>\n<meta property=\"og:locale\" content=\"eo_EO\" \/>\n<meta property=\"og:type\" content=\"article\" \/>\n<meta property=\"og:title\" content=\"Mentions legalas - La verri\u00e8re aux id\u00e9es\" \/>\n<meta property=\"og:description\" content=\"Mentions legalas Conformament a l&#8217;article 6 de la lei n\u00b0 2004-575 del 21 de junh de 2004 per la fisan\u00e7a dins l&#8217;economia numerica, los utilizaires del site verriere-aux-id\u00e9es.net son informats de l\u2019identitat dels diferents intervenents dins l&#8217;encastre de sa realizacion e de son seguiment. Proprietat intellectuala Totes los contenguts presents sul site verriere-aux-id\u00e9es.net, compr\u00e9s, mas [&hellip;]\" \/>\n<meta property=\"og:url\" content=\"https:\/\/verriere-aux-idees.net\/eo\/mentions-legalas\/\" \/>\n<meta property=\"og:site_name\" content=\"La verri\u00e8re aux id\u00e9es\" \/>\n<meta property=\"article:modified_time\" content=\"2025-05-30T15:51:11+00:00\" \/>\n<meta name=\"twitter:card\" content=\"summary_large_image\" \/>\n<meta name=\"twitter:label1\" content=\"Est. reading time\" \/>\n\t<meta name=\"twitter:data1\" content=\"2 minutes\" \/>\n<script type=\"application\/ld+json\" class=\"yoast-schema-graph\">{\"@context\":\"https:\\\/\\\/schema.org\",\"@graph\":[{\"@type\":\"WebPage\",\"@id\":\"https:\\\/\\\/verriere-aux-idees.net\\\/eo\\\/mentions-legalas\\\/\",\"url\":\"https:\\\/\\\/verriere-aux-idees.net\\\/eo\\\/mentions-legalas\\\/\",\"name\":\"Mentions legalas - La verri\u00e8re aux id\u00e9es\",\"isPartOf\":{\"@id\":\"https:\\\/\\\/verriere-aux-idees.net\\\/eo\\\/#website\"},\"datePublished\":\"2025-03-01T20:08:24+00:00\",\"dateModified\":\"2025-05-30T15:51:11+00:00\",\"breadcrumb\":{\"@id\":\"https:\\\/\\\/verriere-aux-idees.net\\\/eo\\\/mentions-legalas\\\/#breadcrumb\"},\"inLanguage\":\"eo-UY\",\"potentialAction\":[{\"@type\":\"ReadAction\",\"target\":[\"https:\\\/\\\/verriere-aux-idees.net\\\/eo\\\/mentions-legalas\\\/\"]}]},{\"@type\":\"BreadcrumbList\",\"@id\":\"https:\\\/\\\/verriere-aux-idees.net\\\/eo\\\/mentions-legalas\\\/#breadcrumb\",\"itemListElement\":[{\"@type\":\"ListItem\",\"position\":1,\"name\":\"Accueil\",\"item\":\"https:\\\/\\\/verriere-aux-idees.net\\\/eo\\\/\"},{\"@type\":\"ListItem\",\"position\":2,\"name\":\"Mentions legalas\"}]},{\"@type\":\"WebSite\",\"@id\":\"https:\\\/\\\/verriere-aux-idees.net\\\/eo\\\/#website\",\"url\":\"https:\\\/\\\/verriere-aux-idees.net\\\/eo\\\/\",\"name\":\"La verri\u00e8re aux id\u00e9es\",\"description\":\"\",\"potentialAction\":[{\"@type\":\"SearchAction\",\"target\":{\"@type\":\"EntryPoint\",\"urlTemplate\":\"https:\\\/\\\/verriere-aux-idees.net\\\/eo\\\/?s={search_term_string}\"},\"query-input\":{\"@type\":\"PropertyValueSpecification\",\"valueRequired\":true,\"valueName\":\"search_term_string\"}}],\"inLanguage\":\"eo-UY\"}]}<\/script>\n<!-- \/ Yoast SEO plugin. -->","yoast_head_json":{"title":"Mentions legalas - La verri\u00e8re aux id\u00e9es","robots":{"index":"index","follow":"follow","max-snippet":"max-snippet:-1","max-image-preview":"max-image-preview:large","max-video-preview":"max-video-preview:-1"},"canonical":"https:\/\/verriere-aux-idees.net\/eo\/mentions-legalas\/","og_locale":"eo_EO","og_type":"article","og_title":"Mentions legalas - La verri\u00e8re aux id\u00e9es","og_description":"Mentions legalas Conformament a l&#8217;article 6 de la lei n\u00b0 2004-575 del 21 de junh de 2004 per la fisan\u00e7a dins l&#8217;economia numerica, los utilizaires del site verriere-aux-id\u00e9es.net son informats de l\u2019identitat dels diferents intervenents dins l&#8217;encastre de sa realizacion e de son seguiment. Proprietat intellectuala Totes los contenguts presents sul site verriere-aux-id\u00e9es.net, compr\u00e9s, mas [&hellip;]","og_url":"https:\/\/verriere-aux-idees.net\/eo\/mentions-legalas\/","og_site_name":"La verri\u00e8re aux id\u00e9es","article_modified_time":"2025-05-30T15:51:11+00:00","twitter_card":"summary_large_image","twitter_misc":{"Est. reading time":"2 minutes"},"schema":{"@context":"https:\/\/schema.org","@graph":[{"@type":"WebPage","@id":"https:\/\/verriere-aux-idees.net\/eo\/mentions-legalas\/","url":"https:\/\/verriere-aux-idees.net\/eo\/mentions-legalas\/","name":"Mentions legalas - La verri\u00e8re aux id\u00e9es","isPartOf":{"@id":"https:\/\/verriere-aux-idees.net\/eo\/#website"},"datePublished":"2025-03-01T20:08:24+00:00","dateModified":"2025-05-30T15:51:11+00:00","breadcrumb":{"@id":"https:\/\/verriere-aux-idees.net\/eo\/mentions-legalas\/#breadcrumb"},"inLanguage":"eo-UY","potentialAction":[{"@type":"ReadAction","target":["https:\/\/verriere-aux-idees.net\/eo\/mentions-legalas\/"]}]},{"@type":"BreadcrumbList","@id":"https:\/\/verriere-aux-idees.net\/eo\/mentions-legalas\/#breadcrumb","itemListElement":[{"@type":"ListItem","position":1,"name":"Accueil","item":"https:\/\/verriere-aux-idees.net\/eo\/"},{"@type":"ListItem","position":2,"name":"Mentions legalas"}]},{"@type":"WebSite","@id":"https:\/\/verriere-aux-idees.net\/eo\/#website","url":"https:\/\/verriere-aux-idees.net\/eo\/","name":"La verri\u00e8re aux id\u00e9es","description":"","potentialAction":[{"@type":"SearchAction","target":{"@type":"EntryPoint","urlTemplate":"https:\/\/verriere-aux-idees.net\/eo\/?s={search_term_string}"},"query-input":{"@type":"PropertyValueSpecification","valueRequired":true,"valueName":"search_term_string"}}],"inLanguage":"eo-UY"}]}},"_links":{"self":[{"href":"https:\/\/verriere-aux-idees.net\/eo\/wp-json\/wp\/v2\/pages\/321","targetHints":{"allow":["GET"]}}],"collection":[{"href":"https:\/\/verriere-aux-idees.net\/eo\/wp-json\/wp\/v2\/pages"}],"about":[{"href":"https:\/\/verriere-aux-idees.net\/eo\/wp-json\/wp\/v2\/types\/page"}],"author":[{"embeddable":true,"href":"https:\/\/verriere-aux-idees.net\/eo\/wp-json\/wp\/v2\/users\/1"}],"replies":[{"embeddable":true,"href":"https:\/\/verriere-aux-idees.net\/eo\/wp-json\/wp\/v2\/comments?post=321"}],"version-history":[{"count":1,"href":"https:\/\/verriere-aux-idees.net\/eo\/wp-json\/wp\/v2\/pages\/321\/revisions"}],"predecessor-version":[{"id":322,"href":"https:\/\/verriere-aux-idees.net\/eo\/wp-json\/wp\/v2\/pages\/321\/revisions\/322"}],"wp:attachment":[{"href":"https:\/\/verriere-aux-idees.net\/eo\/wp-json\/wp\/v2\/media?parent=321"}],"curies":[{"name":"wp","href":"https:\/\/api.w.org\/{rel}","templated":true}]}}

<h3 data-start="299" data-end="319">Mentions legalas</h3>
<p data-start="321" data-end="576">Conformament a l&#8217;article 6 de la lei n° 2004-575 del 21 de junh de 2004 per la fisança dins l&#8217;economia numerica, los utilizaires del site <span style="font-weight: 400;">verriere-aux-idées.net</span> son informats de l’identitat dels diferents intervenents dins l&#8217;encastre de sa realizacion e de son seguiment.</p>
<h4 data-start="1490" data-end="1522"></h4>
<h4 data-start="1490" data-end="1522">Proprietat intellectuala</h4>
<p data-start="1524" data-end="1848">Totes los contenguts presents sul site <span style="font-weight: 400;">verriere-aux-idées.net</span>, comprés, mas pas limitat a, los tèxtes, imatges, logòs, vidèos, grafismes, etc., son protegits per las leis francesas sus la proprietat intellectuala. Aquests contenguts son la proprietat exclusiva de <span style="font-weight: 400;">verriere-aux-idées.net</span> o dels lors autors respectius.</p>
<p data-start="1850" data-end="2081">Quala que siá reproduccion, representacion, modificacion, publicacion, transmission, adaptacion, totala o parciala, d&#8217;aqueles contenguts sens autorizacion prealabla es interdicha e constituiriá una contrafaccion reprimida penalament.</p>
<h4 data-start="2083" data-end="2111">Donadas personalas</h4>
<p data-start="2113" data-end="2406">Conformament a la lei Informatica e Libertats del 6 de genièr de 1978 e al Reglament General sus la Proteccion de las Donadas (RGPD) de l&#8217;Union Europèa, los utilizaires del site dispausan d’un drech d’accès, de rectificacion, d’oposicion e de supression de las donadas personalas que los concernisson.</p>
<p data-start="2408" data-end="2613">Las donadas personalas recampadas sus aqueste site son utilizadas exclusivament dins l&#8217;encastre de la gestion dels abonaments a la newsletter, de las demandas de contacte, e tanben de las estatisticas de navegacion.</p>
<p data-start="2615" data-end="2723">Per exercir aqueles dreches, vos mercejam de contactar l’editor del site a l’adreça seguenta : contact@yokkom.com.</p>
<h4></h4>
<h4 class="projet_texte"><b>Credits</b></h4>
<p>Abrigament : OVH &#8211; 2 carrièra Kellermann &#8211; 59100 Robaís &#8211; França.</p>
<p>Director de publicacion : Georges</p>
<p>&nbsp;</p>
<h4 data-start="2725" data-end="2740">Cookies</h4>
<p data-start="2742" data-end="2988">Lo site <span style="font-weight: 400;">verriere-aux-idées.net</span> utiliza de cookies per melhorar l’experiéncia utilizaire. Los cookies son de fichièrs enregistrats sus vòstre periferic que permeton de vos identificar pendent vòstra navegacion e de personalizar l&#8217;afichatge dels contenguts.</p>
<p data-start="2990" data-end="3207">Podètz desactivar los cookies en tot moment en modificant los paramètres de vòstre navigador. Pasmens, cèrtas foncionalitats del site poirián foncionar pas corrèctament se los cookies son desactivats.</p>
<h4 data-start="3209" data-end="3234"></h4>
<h4 data-start="3209" data-end="3234">Ligams ipertextes</h4>
<p data-start="3236" data-end="3417">Lo site <span style="font-weight: 400;">verriere-aux-idées.net </span> pòt contenir de ligams cap a d&#8217;autres sites web. Declinam tota responsabilitat concernent lo contengut d’aqueles sites, que son independents del nòstre site.</p>
<h4 data-start="3419" data-end="3441"></h4>
<h4 data-start="3419" data-end="3441">Responsabilitat</h4>
<p data-start="3443" data-end="3705">L’editor del site <span style="font-weight: 400;">verriere-aux-idées.net </span>s’efiècha d’assegurar la fiabilitat de las informacions presentas sus lo site, mas pòt pas èsser tengut per responsable dels errors, omissions o damatges dirèctes o indirèctes que poirián resultar de l&#8217;utilizacion d’aquelas informacions.</p>
<p data-start="3707" data-end="3872">L’editor garantís pas que lo site siá exempt d’errors, de virus o d’autres elements nocius que poirián afectar los equipaments informatics dels utilizaires.</p>
<h4 data-start="3874" data-end="3915"></h4>
<h4 data-start="3874" data-end="3915">Modificacion de las mentions legalas</h4>
<p data-start="3917" data-end="4136">L’editor se reserva lo drech de modificar las presentas mentions legalas a tot moment. Es conselhat als utilizaires de consultar aquesta pagina regularament per se tenir informats de las eventualas modificacions.</p>
<h4 data-start="4138" data-end="4161"></h4>
<h4 data-start="4138" data-end="4161">Lei aplicabla</h4>
<p data-start="4163" data-end="4326">Las presentas mentions legalas son somesas al drech francés. Tota litigi que concernís l’utilizacion del site serà de la competéncia exclusiva dels tribunals franceses.</p>
<p>&nbsp;</p>

<p>Mentions legalas Conformament a l&#8217;article 6 de la lei n° 2004-575 del 21 de junh de 2004 per la fisança dins l&#8217;economia numerica, los utilizaires del site verriere-aux-idées.net son informats de l’identitat dels diferents intervenents dins l&#8217;encastre de sa realizacion e de son seguiment. Proprietat intellectuala Totes los contenguts presents sul site verriere-aux-idées.net, comprés, mas [&hellip;]</p>

<!-- This site is optimized with the Yoast SEO plugin v27.4 - https://yoast.com/product/yoast-seo-wordpress/ -->
<title>Mentions legalas - La verrière aux idées</title>
<meta name="robots" content="index, follow, max-snippet:-1, max-image-preview:large, max-video-preview:-1" />
<link rel="canonical" href="https://verriere-aux-idees.net/eo/mentions-legalas/" />
<meta property="og:locale" content="eo_EO" />
<meta property="og:type" content="article" />
<meta property="og:title" content="Mentions legalas - La verrière aux idées" />
<meta property="og:description" content="Mentions legalas Conformament a l&#8217;article 6 de la lei n° 2004-575 del 21 de junh de 2004 per la fisança dins l&#8217;economia numerica, los utilizaires del site verriere-aux-idées.net son informats de l’identitat dels diferents intervenents dins l&#8217;encastre de sa realizacion e de son seguiment. Proprietat intellectuala Totes los contenguts presents sul site verriere-aux-idées.net, comprés, mas [&hellip;]" />
<meta property="og:url" content="https://verriere-aux-idees.net/eo/mentions-legalas/" />
<meta property="og:site_name" content="La verrière aux idées" />
<meta property="article:modified_time" content="2025-05-30T15:51:11+00:00" />
<meta name="twitter:card" content="summary_large_image" />
<meta name="twitter:label1" content="Est. reading time" />
	<meta name="twitter:data1" content="2 minutes" />
<script type="application/ld+json" class="yoast-schema-graph">{"@context":"https:\/\/schema.org","@graph":[{"@type":"WebPage","@id":"https:\/\/verriere-aux-idees.net\/eo\/mentions-legalas\/","url":"https:\/\/verriere-aux-idees.net\/eo\/mentions-legalas\/","name":"Mentions legalas - La verrière aux idées","isPartOf":{"@id":"https:\/\/verriere-aux-idees.net\/eo\/#website"},"datePublished":"2025-03-01T20:08:24+00:00","dateModified":"2025-05-30T15:51:11+00:00","breadcrumb":{"@id":"https:\/\/verriere-aux-idees.net\/eo\/mentions-legalas\/#breadcrumb"},"inLanguage":"eo-UY","potentialAction":[{"@type":"ReadAction","target":["https:\/\/verriere-aux-idees.net\/eo\/mentions-legalas\/"]}]},{"@type":"BreadcrumbList","@id":"https:\/\/verriere-aux-idees.net\/eo\/mentions-legalas\/#breadcrumb","itemListElement":[{"@type":"ListItem","position":1,"name":"Accueil","item":"https:\/\/verriere-aux-idees.net\/eo\/"},{"@type":"ListItem","position":2,"name":"Mentions legalas"}]},{"@type":"WebSite","@id":"https:\/\/verriere-aux-idees.net\/eo\/#website","url":"https:\/\/verriere-aux-idees.net\/eo\/","name":"La verrière aux idées","description":"","potentialAction":[{"@type":"SearchAction","target":{"@type":"EntryPoint","urlTemplate":"https:\/\/verriere-aux-idees.net\/eo\/?s={search_term_string}"},"query-input":{"@type":"PropertyValueSpecification","valueRequired":true,"valueName":"search_term_string"}}],"inLanguage":"eo-UY"}]}</script>
<!-- / Yoast SEO plugin. -->

Mentions legalas - La verrière aux idées

Mentions legalas Conformament a l&#8217;article 6 de la lei n° 2004-575 del 21 de junh de 2004 per la fisança dins l&#8217;economia numerica, los utilizaires del site verriere-aux-idées.net son informats de l’identitat dels diferents intervenents dins l&#8217;encastre de sa realizacion e de son seguiment. Proprietat intellectuala Totes los contenguts presents sul site verriere-aux-idées.net, comprés, mas [&hellip;]

La verrière aux idées
